78 a factor of 5850?
True
Is 3253 a multiple of 7?
False
Is 1189 a multiple of 29?
True
Is 27 a factor of 5666?
False
Is 11 a factor of 3218?
False
Does 181 divide 110591?
True
Is 8814 a multiple of 14?
False
Does 3 divide 1988?
False
Is 31288 a multiple of 7?
False
Is 100 a factor of 13500?
True
Is 70 a multiple of 5?
True
Does 54 divide 810?
True
Is 13375 a multiple of 107?
True
Is 250 a factor of 68500?
True
Does 70 divide 13370?
True
Is 108 a multiple of 9?
True
Does 96 divide 820?
False
Is 1575 a multiple of 62?
False
Is 39410 a multiple of 91?
False
Does 15 divide 4041?
False
Does 9 divide 81?
True
Does 45 divide 855?
True
Is 18 a multiple of 8?
False
Is 640 a multiple of 10?
True
Is 2 a factor of 2399?
False
Does 47 divide 22452?
False
Is 91 a factor of 19747?
True
Is 116544 a multiple of 9?
False
Is 9 a factor of 486?
True
Is 2 a factor of 5?
False
Is 11055 a multiple of 11?
True
Is 6580 a multiple of 39?
False
Is 22 a factor of 308?
True
Does 36 divide 3685?
False
Does 75 divide 12675?
True
Is 75412 a multiple of 17?
True
Is 16 a factor of 4352?
True
Is 19959 a multiple of 215?
False
Is 73 a factor of 2482?
True
Is 2042 a multiple of 17?
False
Does 10 divide 1120?
True
Does 62 divide 9965?
False
Is 10670 a multiple of 13?
False
Is 14 a factor of 252?
True
Is 11 a factor of 27951?
True
Does 11 divide 548?
False
Does 5 divide 219?
False
Does 32 divide 72?
False
Is 31779 a multiple of 45?
False
Does 15 divide 2760?
True
Is 15 a factor of 4845?
True
Is 43 a factor of 1849?
True
Is 40 a factor of 7640?
True
Is 9 a factor of 33850?
False
Does 5 divide 5?
True
Does 156 divide 18564?
True
Is 236 even?
True
Is 17264 a multiple of 26?
True
Does 207 divide 30843?
True
Is 12 a factor of 56?
False
Is 1490 a multiple of 22?
False
Is 24 a factor of 7920?
True
Is 3960 a multiple of 8?
True
Is 30 a factor of 330?
True
Is 84 a factor of 36456?
True
Is 16 a factor of 1072?
True
Does 70 divide 460?
False
Does 14 divide 1652?
True
Does 2 divide 1255?
False
Does 66 divide 74118?
True
Is 21204 a multiple of 114?
True
Is 46 a factor of 19353?
False
Does 380 divide 22848?
False
Is 14 a multiple of 6?
False
Does 166 divide 3605?
False
Does 44 divide 528?
True
Is 39 a factor of 15405?
True
Is 192 a multiple of 3?
True
Does 59 divide 1770?
True
Is 10 a factor of 45348?
False
Does 2 divide 879?
False
Does 35 divide 3663?
False
Does 55 divide 16200?
False
Is 2120 a multiple of 2?
True
Is 21 a factor of 62748?
True
Does 3 divide 414?
True
Is 13 a factor of 56?
False
Is 19 a factor of 323?
True
Is 533 a multiple of 3?
False
Is 8322 a multiple of 15?
False
Is 735 a multiple of 105?
True
Is 46 a factor of 1242?
True
Is 14 a factor of 490?
True
Is 79 a factor of 1501?
True
Is 39 a factor of 14118?
True
Does 15 divide 1695?
True
Does 48 divide 5788?
False
Does 163 divide 11736?
True
Is 3 a factor of 143?
False
Is 764 a multiple of 6?
False
Does 51 divide 8088?
False
Is 2 a factor of 306?
True
Is 10155 a multiple of 5?
True
Does 6 divide 373?
False
Is 2843 a multiple of 98?
False
Is 7894 a multiple of 71?
False
Is 2945 a multiple of 19?
True
Does 20 divide 26889?
False
Is 354 a multiple of 59?
True
Does 14 divide 1316?
True
Does 42 divide 882?
True
Is 2626 a multiple of 13?
True
Is 15 a factor of 3199?
False
Does 5 divide 20421?
False
Is 38841 a multiple of 107?
True
Is 273 a multiple of 13?
True
Does 31 divide 49384?
False
Is 228 a multiple of 12?
True
Is 1355 a multiple of 7?
False
Does 15 divide 675?
True
Is 112236 a multiple of 62?
False
Is 18 a factor of 98739?
False
Is 69042 a multiple of 74?
True
Is 40 a factor of 18840?
True
Does 37 divide 988?
False
Is 6400 a multiple of 25?
True
Does 48 divide 5232?
True
Is 58 a factor of 464?
True
Does 10 divide 850?
True
Is 11 a factor of 4851?
True
Does 12 divide 33750?
False
Is 34 a factor of 476?
True
Is 1071 a multiple of 33?
False
Does 5 divide 18335?
True
Does 7 divide 2511?
False
Is 20 a factor of 7000?
True
Does 95 divide 3420?
True
Is 125 a multiple of 6?
False
Does 25 divide 1700?
True
Is 46 a factor of 1012?
True
Does 16 divide 231?
False
Is 48 a multiple of 8?
True
Is 24 a factor of 240?
True
Does 36 divide 5939?
False
Does 276 divide 22606?
False
Does 91 divide 2243?
False
Is 1292 a multiple of 38?
True
Is 2065 a multiple of 29?
False
Is 12127 a multiple of 106?
False
Is 16 a factor of 4016?
True
Does 33 divide 4365?
False
Does 16 divide 1825?
False
Does 25 divide 450?
True
Does 2 divide 8342?
True
Is 31 a factor of 3322?
False
Is 67452 a multiple of 25?
False
Is 3016 a multiple of 58?
True
Does 16 divide 672?
True
Is 1160 a multiple of 58?
True
Is 5 a factor of 12283?
False
Is 10 a factor of 271?
False
Does 10 divide 4230?
True
Is 43 a factor of 80109?
True
Is 8 a factor of 362?
False
Does 29 divide 58?
True
Is 15707 a multiple of 3?
False
Is 97 a factor of 2231?
True
Does 9 divide 100?
False
Does 47 divide 1161?
False
Does 32 divide 5856?
True
Is 4 a factor of 1472?
True
Is 17 a factor of 52955?
True
Is 71 a multiple of 25?
False
Is 15 a factor of 25519?
False
Does 3 divide 1851?
True
Is 69 a factor of 171?
False
Is 12 a factor of 1589?
False
Is 74 a factor of 148?
True
Does 101 divide 4398?
False
Does 77 divide 9702?
True
Is 27 a multiple of 9?
True
Is 64 a factor of 22784?
True
Does 11 divide 704?
True
Does 5 divide 22024?
False
Does 41 divide 380?
False
Is 447 a multiple of 62?
False
Does 100 divide 3147?
False
Does 20 divide 5040?
True
Is 2788 a multiple of 39?
False
Is 11 a factor of 674?
False
Is 1426 a multiple of 23?
True
Does 82 divide 33948?
True
Is 3008 a multiple of 8?
True
Does 11 divide 2359?
False
Is 37160 a multiple of 6?
False
Does 22 divide 308?
True
Is 29 a factor of 928?
True
Does 42 divide 3455?
False
Does 27 divide 6049?
False
Is 540 a multiple of 36?
True
Does 163 divide 58517?
True
Is 8442 a multiple of 66?
False
Is 6 a factor of 15277?
False
Is 9 a factor of 1395?
True
Does 42 divide 12168?
False
Does 20 divide 1917?
False
Does 20 divide 180?
True
Does 18 divide 12006?
True
Is 1644 a multiple of 17?
False
Does 13 divide 1210?
False
Does 121 divide 17641?
False
Does 9 divide 28765?
False
Is 4644 a multiple of 27?
True
Does 13 divide 110?
False
Is 22 a factor of 42768?
True
Does 6 divide 3690?
True
Does 4 divide 380?
True
Does 20 divide 22?
False
Does 18 divide 3103?
False
Is 310 a factor of 9920?
True
Does 67 divide 2004?
False
Is 62 a factor of 1736?
True
Does 23 divide 8111?
False
Is 4 a factor of 68?
True
Is 3 a factor of 69?
True
Is 4 a factor of 1781?
False
Is 34 a factor of 413?
False
Does 61 divide 9516?
True
Is 11 a factor of 93060?
True
Is 5992 a multiple of 7?
True
Is 12446 a multiple of 28?
False
Is 3720 a multiple of 31?
True
Is 1712 a multiple of 47?
False
Does 8 divide 436?
False
Does 22 divide 9372?
True
Does 9 divide 1945?
False
Is 6006 a multiple of 77?
True
Is 20 a factor of 56?
False
Is 15 a factor of 8085?
True
Is 480 a multiple of 10?
True
Does 27 divide 1539?
True
Does 25 divide 7025?
True
Does 24 divide 2808?
True
Is 867 a multiple of 16?
False
Does 9 divide 1701?
True
Is 6531 a multiple of 21?
True
Is 24989 a multiple of 88?
False
Does 9 divide 29761?
False
Does 34 divide 272?
True
Does 31 divide 1400?
False
Is 12 a factor of 4920?
True
Is 770 a multiple of 70?
True
Is 38 a factor of 3382?
True
Is 731 even?
False
Does 16 divide 6054?
False
Is 18 a factor of 29073?
False
Is 7 a factor of 1858?
False
Is 4519 a multiple of 12?
False
Is 10 a factor of 97?
False
Is 4738 a multiple of 21?
False
Does 146 divide 7592?
True
Is 206 a multiple of 14?
False
Is 9014 a multiple of 7?
False
Does 39 divide 351?
True
Is 28 a factor of 997?
False
Does 8 divide 2224?
True
Does 9 divide 170?
False
Does 30 divide 1050?
True
Is 7 a factor of 129?
False
Does 23 divide 3864?
True
Is 2278 a multiple of 19?
False
Is 178 a factor of 12471?
False
Does 19 divide 86526?
True
Is 24072 a multiple of 102?
True
Does 15 divide 300?
True
Is 8 a factor of 2934?
False
Does 4 divide 2944?
True
Is 352 a multiple of 18?
False
Is 36 a factor of 180?
True
Does 67 divide 892?
False
Is 66895 a multiple of 57?
False
Does 5 divide 6475?
True
Is 20 a factor of 1740?
True
Is 18054 a multiple of 58?
False
Is 1458 a multiple of 7?
False
Is 7725 a multiple of 5?
True
Is 16 a factor of 20833?
False
Is 276 a mul